21101
In base 6, what is -1104 + -5?
-1113
In base 2, what is 10 - 1001?
-111
In base 9, what is 1235 + -12?
1223
In base 16, what is 1cbf + -5?
1cba
In base 13, what is -1b + 15?
-6
In base 8, what is -425 + 1?
-424
In base 4, what is 112 + 1110?
1222
In base 2, what is -11011000110000 - -101?
-11011000101011
In base 4, what is -1330112 + -1?
-1330113
In base 8, what is 3 + -223?
-220
In base 13, what is -14 - 145?
-159
In base 11, what is -45 - 4a?
-94
In base 12, what is -57 + 0?
-57
In base 2, what is -1010 - 10011?
-11101
In base 6, what is -1 - 21544?
-21545
In base 10, what is -430 + -3?
-433
In base 6, what is 10 - -102?
112
In base 4, what is -11 + 3203?
3132
In base 2, what is 111001 - 110?
110011
In base 9, what is 1444 - 4?
1440
In base 8, what is 125 + -24?
101
In base 6, what is 12200 + 2?
12202
In base 6, what is 25 - -40?
105
In base 10, what is -85 - -3?
-82
In base 16, what is -9a + -6?
-a0
In base 14, what is -118 + 4?
-114
In base 7, what is 40 + -433?
-363
In base 10, what is -766 - 5?
-771
In base 14, what is 5d - -14?
73
In base 13, what is 57b + 0?
57b
In base 3, what is 201 - -1220220?
1221121
In base 2, what is 101011110 - -1?
101011111
In base 4, what is 1221 - -310?
2131
In base 15, what is ca + 1?
cb
In base 15, what is -1 + -22?
-23
In base 11, what is 122 + 1?
123
In base 10, what is 4 + -32?
-28
In base 9, what is -656 + -1?
-657
In base 3, what is 101 - -21101?
21202
In base 12, what is 4 + -21?
-19
In base 16, what is -4 - 34?
-38
In base 15, what is -2 - -155d?
155b
In base 7, what is 1 + -13?
-12
In base 14, what is -12 - -14?
2
In base 6, what is 41515 + 5?
41524
In base 7, what is 123 + -151?
-25
In base 3, what is 10111 - 10?
10101
In base 8, what is 21 + -32?
-11
In base 4, what is -103213 + 3?
-103210
In base 7, what is 1 + -44?
-43
In base 9, what is 346 - 7?
338
In base 3, what is 201100 + -1?
201022
In base 15, what is 1d + 54?
72
In base 14, what is 5 + 422?
427
In base 16, what is 3b0 + 5?
3b5
In base 6, what is 11 + 221?
232
In base 15, what is -2 + -6cb?
-6cd
In base 9, what is -7 - -3385?
3377
In base 9, what is -2047 - -5?
-2042
In base 9, what is 26 - -37?
64
In base 16, what is be + -4?
ba
In base 9, what is 761 + 1?
762
In base 8, what is -12711 + 4?
-12705
In base 12, what is -3 - 39?
-40
In base 2, what is -10000 - 11010?
-101010
In base 4, what is 2000 - 202?
1132
In base 13, what is 6 + -1176?
-1170
In base 11, what is -2 - 40?
-42
In base 2, what is 111111100 + -11?
111111001
In base 11, what is 2 + 1?
3
In base 3, what is -2001220000 - -2?
-2001212221
In base 9, what is -144 - 27?
-172
In base 15, what is 0 + b5?
b5
In base 11, what is -259 + -a?
-268
In base 4, what is -3032333 + -3?
-3033002
In base 13, what is -2 - -71?
6c
In base 11, what is 754 + 8?
761
In base 15, what is 3e + 70?
ae
In base 4, what is 10 - -203212?
203222
In base 13, what is 88a - 2?
888
In base 2, what is 10110111100001 + 10?
10110111100011
In base 10, what is 9715 - -5?
9720
In base 10, what is -4 + 109?
105
In base 14, what is -4 - a?
-10
In base 3, what is -2 - 22?
-101
In base 14, what is -1 + 2d9?
2d8
In base 15, what is -1 + -1?
-2
In base 9, what is 3 - -8?
12
In base 14, what is 19 - 0?
19
In base 8, what is -173 + 17?
-154
In base 15, what is -1 + b0?
ae
In base 14, what is -104 + -4?
-108
In base 15, what is 5 - 78d?
-788
In base 5, what is 1402 + -4?
1343
In base 16, what is -4 + a8?
a4
In base 9, what is 171 - 3?
167
In base 16, what is -1 + 24?
23
In base 4, what is -32312 + -1?
-32313
In base 12, what is -15 + -5?
-1a
In base 4, what is -21 + 2212?
2131
In base 3, what is 12 - 200?
-111
In base 13, what is -1 + -30?
-31
In base 15, what is -5 - -11b6?
11b1
In base 2, what is -11 - -1011100?
1011001
In base 14, what is -21 - 48?
-69
In base 11, what is 27 - -85?
101
In base 2, what is -10000001 + -10000000?
-100000001
In base 6, what is 2 - 113?
-111
In base 7, what is 44 - -11?
55
In base 15, what is 153 + 7?
15a
In base 6, what is 211 - 53?
114
In base 10, what is 1 - 195?
-194
In base 5, what is -3 + -103?
-111
In base 2, what is -1000 + 111100?
110100
In base 10, what is 110 + -3?
107
In base 2, what is -1000 - 1001?
-10001
In base 9, what is 3 - 21?
-17
In base 6, what is 1 - -52332?
52333
In base 12, what is 175 + -109?
68
In base 12, what is 4 + -33a?
-336
In base 13, what is 184 + -3?
181
In base 8, what is -56 - -6?
-50
In base 10, what is 119 + 1?
120
In base 5, what is 101 - -2?
103
In base 8, what is -11 + -3?
-14
In base 12, what is -48 + 3?
-45
In base 5, what is -110 - 341?
-1001
In base 4, what is -11 - 111302?
-111313
In base 8, what is 45323 - 3?
45320
In base 13, what is 0 - 42c?
-42c
In base 13, what is -3 + 40?
3a
In base 13, what is 4 + -9a1?
-99a
In base 3, what is -1012 + 2?
-1010
In base 5, what is 2 + 2?
4
In base 12, what is -341 - -2?
-33b
In base 6, what is 1 - 2455?
-2454
In base 9, what is -2 + -3711?
-3713
In base 12, what is 1 - 45?
-44
In base 14, what is -5 - 1336?
-133b
In base 16, what is 0 + -d?
-d
In base 8, what is -26 + -204?
-232
In base 3, what is 100121 + 220?
101111
In base 8, what is -1 - 32?
-33
In base 11, what is 284 - 42?
242
In base 16, what is 1 + 6e?
6f
In base 10, what is -2 + 9?
7
In base 14, what is 3c8 - -4?
3cc
In base 3, what is 210 - 10?
200
In base 4, what is -1131 - 2?
-1133
In base 9, what is 11 + -24?
-13
In base 10, what is -373 + -21?
-394
In base 3, what is -1121021 + -1?
-1121022
In base 3, what is -12 + 111?
22
In base 8, what is -167 - 4?
-173
In base 2, what is 10011101 + 100?
10100001
In base 7, what is -3 - 2243?
-2246
In base 9, what is -4 - 1341?
-1345
In base 14, what is 1 + 1503?
1504
In base 11, what is 392 + -2?
390
In base 2, what is -1000100111110 - 1?
-1000100111111
In base 12, what is -18a8 + -4?
-18b0
In base 7, what is -2 - -304?
302
In base 16, what is -b9 + 11?
-a8
In base 10, what is -807 + 3?
-804
In base 3, what is 1000 - 11?
212
In base 3, what is -110 + -10012?
-10122
In base 9, what is 4 + -28?
-24
In base 3, what is 1 + -10211?
-10210
In base 10, what is 2220 - -2?
2222
In base 11, what is 6 + -326?
-320
In base 15, what is 4 - a7?
-a3
In base 3, what is -22 - -211012?
210220
In base 8, what is -26 - 21?
-47
In base 12, what is 5198 + -1?
5197
In base 10, what is 1 + -36?
-35
In base 13, what is 5 + -39?
-34
In base 2, what is -11010 - -1101?
-1101
In base 13, what is -8 + 29?
21
In base 14, what is 4c7 - -5?
4cc
In base 13, what is -186 + 3?
-183
In base 11, what is 5 - 1a3?
-199
In base 6, what is -32 + -3053?
-3125
In base 16, what is 61 - -1?
62
In base 9, what is 1658 - 5?
1653
In base 5, what is 10 - -43244?
43304
In base 9, what is -33 - -4?
-28
In base 6, what is 1 + 15?
20
In base 2, what is -1101000110 - 100001?
-1101100111
In base 2, what is -10 - 1000000?
-1000010
In base 11, what is -7 - 173?
-17a
In base 7, what is 13 - -1154?
1200
In base 3, what is -1002112 + 120?
-1001222
In base 9, what is 23 - 16?
6
In base 10, what is -31 - -5?
-26
In base 13, what is -65 + 4?
-61
In base 11, what is 48 + 3?
50
In base 8, what is 1771 - -10?
2001
In base 12, what is -ba7 - -2?
-ba5
In base 2, what is 11 - -10100010111?
10100011010
In base 6, what is 34 + -225?
-151
In base 4, what is 3321 + 2?
3323
In base 13, what is -1 + 13a?
139
In base 4, what is -303 - 11011?
-11320
In base 11, what is 4 - -929?
932
In base 6, what is 50 - -1?
51
In base 16, what is 36 - -13?
49
In base 8, what is 77 + -1?
76
In base 5, what is -10 - -2332?
2322
In base 12, what is 2 - -274b?
2751
In base 2, what is -1101000 + -100101?
-10001101
In base 10, what is 365 + -5?
360
In base 9, what is 1 - -374?
375
In base 4, what is 1 + -212?
-211
In base 4, what is 1 + -2021?
-2020
In base 4, what is 1333 - -223?
2222
In base 12, what is -433 - 3?
-436
In base 7, what is 2012 + -55?
1624
In base 4, what is -3 - -132032?
132023
In base 12, what is 9 + 106?
113
In base 7, what is 244 - -10?
254
In base 11, what is -3 + 237?
234
In base 15, what is -2 - -69?
67
In base 15, what is 0 - 249?
-249
In base 15, what is -4 - 323?
-327
In base 3, what is -10 + -10121?
-10201
In base 11, what is 131 - -18?
149
In base 6, what is 400 - 0?
400
In base 2, what is 1100010 + -11011000?
-1110110
In base 6, what is -52 + 241?
145
In base 13, what